238969?
17, 14057
List the prime factors of 995784.
2, 3, 41491
List the prime factors of 7062077.
11, 181, 3547
What are the prime factors of 3749721?
3, 613, 2039
What are the prime factors of 258078?
2, 3, 43013
What are the prime factors of 1091343?
3, 11, 33071
What are the prime factors of 1349521?
457, 2953
What are the prime factors of 479274?
2, 3, 23, 151
List the prime factors of 496012.
2, 11, 11273
What are the prime factors of 11821560?
2, 3, 5, 29, 43, 79
What are the prime factors of 1584301?
97, 16333
What are the prime factors of 111935?
5, 61, 367
List the prime factors of 4662135.
3, 5, 313, 331
What are the prime factors of 3981687?
3, 829, 1601
What are the prime factors of 6673767?
3, 1069, 2081
What are the prime factors of 763961?
11, 199, 349
What are the prime factors of 24789860?
2, 5, 23, 53891
List the prime factors of 269208.
2, 3, 3739
List the prime factors of 1486503.
3, 19, 8693
What are the prime factors of 1445946?
2, 3, 53, 4547
List the prime factors of 716620.
2, 5, 35831
What are the prime factors of 324110?
2, 5, 32411
What are the prime factors of 285475?
5, 19, 601
What are the prime factors of 7675564?
2, 13, 147607
List the prime factors of 114538.
2, 57269
What are the prime factors of 3881468?
2, 89, 10903
List the prime factors of 558200.
2, 5, 2791
List the prime factors of 5799428.
2, 947, 1531
What are the prime factors of 33193456?
2, 19, 137, 797
List the prime factors of 377176.
2, 47147
List the prime factors of 88318.
2, 44159
What are the prime factors of 214624?
2, 19, 353
List the prime factors of 422368.
2, 67, 197
List the prime factors of 316741.
383, 827
List the prime factors of 553912.
2, 69239
What are the prime factors of 6670406?
2, 19, 29, 6053
List the prime factors of 12136550.
2, 5, 242731
List the prime factors of 150137.
13, 11549
List the prime factors of 17530797.
3, 109, 53611
What are the prime factors of 22805384?
2, 7, 8311
List the prime factors of 9034778.
2, 449, 10061
What are the prime factors of 63410?
2, 5, 17, 373
What are the prime factors of 37446?
2, 3, 79
What are the prime factors of 664751?
17, 39103
What are the prime factors of 1558159?
83, 18773
List the prime factors of 386460.
2, 3, 5, 19, 113
List the prime factors of 3160935.
3, 5, 19, 3697
What are the prime factors of 526988?
2, 7, 11, 29, 59
List the prime factors of 770124.
2, 3, 29, 2213
What are the prime factors of 2168525?
5, 127, 683
What are the prime factors of 7840639?
107, 73277
What are the prime factors of 8627?
8627
List the prime factors of 191456.
2, 31, 193
List the prime factors of 852076.
2, 213019
List the prime factors of 20879688.
2, 3, 113, 7699
What are the prime factors of 3843276?
2, 3, 320273
List the prime factors of 218213.
218213
List the prime factors of 474029.
474029
List the prime factors of 26665243.
11, 2424113
What are the prime factors of 495162?
2, 3, 27509
List the prime factors of 2554270.
2, 5, 73, 3499
What are the prime factors of 6435165?
3, 5, 11, 43, 907
List the prime factors of 1066030.
2, 5, 7, 97, 157
List the prime factors of 13958385.
3, 5, 7, 2713
What are the prime factors of 4818982?
2, 7, 344213
What are the prime factors of 86231?
53, 1627
List the prime factors of 511126.
2, 7, 11, 3319
What are the prime factors of 441055?
5, 88211
List the prime factors of 272977.
29, 9413
List the prime factors of 19687859.
131, 137, 1097
What are the prime factors of 11393007?
3, 109, 34841
What are the prime factors of 6387127?
61, 104707
What are the prime factors of 13137607?
7, 19, 98779
What are the prime factors of 10987210?
2, 5, 13, 223, 379
What are the prime factors of 172271?
11, 15661
List the prime factors of 514514.
2, 7, 11, 13, 257
List the prime factors of 50244.
2, 3, 53, 79
What are the prime factors of 606376?
2, 75797
List the prime factors of 12741351.
3, 7, 606731
List the prime factors of 2810644.
2, 17, 41333
List the prime factors of 119128.
2, 14891
What are the prime factors of 10821160?
2, 5, 7, 5521
What are the prime factors of 2585954?
2, 7, 184711
List the prime factors of 11079304.
2, 1384913
List the prime factors of 11720849.
7, 239201
List the prime factors of 3970167.
3, 1323389
List the prime factors of 172970.
2, 5, 7, 353
List the prime factors of 612491.
11, 55681
What are the prime factors of 3860131?
11, 103, 3407
What are the prime factors of 15532530?
2, 3, 5, 13, 39827
What are the prime factors of 2980396?
2, 293, 2543
List the prime factors of 254604.
2, 3, 7, 433
List the prime factors of 477301.
11, 43391
List the prime factors of 1342584.
2, 3, 29, 643
List the prime factors of 1004834.
2, 19, 31, 853
List the prime factors of 179150.
2, 5, 3583
What are the prime factors of 817664?
2, 1597
What are the prime factors of 4125086?
2, 7, 294649
What are the prime factors of 9880313?
53, 277, 673
What are the prime factors of 412172?
2, 103043
What are the prime factors of 16591394?
2, 8295697
What are the prime factors of 379500?
2, 3, 5, 11, 23
What are the prime factors of 17207943?
3, 5735981
List the prime factors of 831197.
23, 71, 509
What are the prime factors of 829412?
2, 101, 2053
What are the prime factors of 1516225?
5, 60649
What are the prime factors of 2759076?
2, 3, 59, 433
What are the prime factors of 335759?
71, 4729
List the prime factors of 1471427.
1471427
What are the prime factors of 2904261?
3, 971, 997
What are the prime factors of 4050597?
3, 359, 3761
What are the prime factors of 11904618?
2, 3, 11, 317, 569
What are the prime factors of 161478?
2, 3, 8971
What are the prime factors of 4201684?
2, 1050421
List the prime factors of 10628634.
2, 3, 101, 17539
List the prime factors of 25000361.
2477, 10093
What are the prime factors of 2509079?
2509079
What are the prime factors of 3195054?
2, 3, 139, 1277
What are the prime factors of 1035259?
83, 12473
List the prime factors of 115073.
7, 17, 967
What are the prime factors of 317333?
317333
List the prime factors of 113275.
5, 23, 197
What are the prime factors of 289968?
2, 3, 7, 863
List the prime factors of 908006.
2, 11, 149, 277
List the prime factors of 479760.
2, 3, 5, 1999
What are the prime factors of 9498660?
2, 3, 5, 29, 53, 103
What are the prime factors of 1104367?
11, 9127
List the prime factors of 1083647.
181, 5987
List the prime factors of 136945.
5, 61, 449
List the prime factors of 27998417.
47, 595711
List the prime factors of 411881.
223, 1847
What are the prime factors of 626623?
626623
List the prime factors of 1083837.
3, 361279
List the prime factors of 121852.
2, 41, 743
What are the prime factors of 15053501?
379, 39719
List the prime factors of 5729100.
2, 3, 5, 13, 113
What are the prime factors of 237714?
2, 3, 39619
List the prime factors of 1031097.
3, 43, 7993
What are the prime factors of 1367616?
2, 3, 17, 419
List the prime factors of 273752.
2, 19, 1801
List the prime factors of 39433.
47, 839
List the prime factors of 2292183.
3, 257, 991
List the prime factors of 9740254.
2, 199, 24473
List the prime factors of 2214041.
41, 54001
What are the prime factors of 12768366?
2, 3, 13, 163697
What are the prime factors of 167673?
3, 11, 5081
List the prime factors of 58101.
3, 107, 181
What are the prime factors of 9167961?
3, 11, 23, 47, 257
What are the prime factors of 268168?
2, 33521
List the prime factors of 626463.
3, 47, 1481
What are the prime factors of 210459?
3, 31, 73
List the prime factors of 268851.
3, 11, 8147
List the prime factors of 1848084.
2, 3, 7, 449
List the prime factors of 12887639.
53, 73, 3331
What are the prime factors of 241528?
2, 7, 19, 227
What are the prime factors of 1004351?
43, 23357
List the prime factors of 20276981.
953, 21277
List the prime factors of 629769.
3, 7, 29989
List the prime factors of 219032.
2, 11, 19, 131
What are the prime factors of 2951102?
2, 7, 11, 19163
What are the prime factors of 4589441?
4589441
List the prime factors of 2179511.
953, 2287
What are the prime factors of 13591186?
2, 7, 970799
What are the prime factors of 58807?
7, 31, 271
List the prime factors of 5521978.
2, 7, 11, 23, 1559
List the prime factors of 3574974.
2, 3, 13, 45833
What are the prime factors of 135887?
135887
What are the prime factors of 7229